ided by f(x)?
10
Let j(r) = -r**2 - 4*r + 34. Let o be j(-8). Let s(q) = -49*q**2 + 6 + q + o*q + 51*q**2. What is the remainder when 153 is divided by s(-4)?
23
Let d = 2400 - 2094. What is the remainder when d is divided by 71?
22
Let d(k) = -7*k - 30. Let y = 705 - 710. Calculate the remainder when 54 is divided by d(y).
4
Suppose -5 + 23 - 90 = -18*y. Suppose 0 = 5*f - 79 - 126. Calculate the remainder when f is divided by y.
1
Let r = 15915 - 15795. What is the remainder when r is divided by 11?
10
Let a = -50 + 52. Suppose 3*n = -4*r + 91, -a*n - n + 101 = -r. Calculate the remainder when 97 is divided by n.
31
Suppose 204 = 7*a - 13. Let b = a - 24. Suppose 4*i + 4*z + b - 23 = 0, z = -5*i + 24. Calculate the remainder when 9 is divided by i.
4
Let w = -7634 + 9936. Calculate the remainder when w is divided by 459.
7
Let p = 84 - 55. Suppose -3*j - 1 = -4, -3*j = -2*h + p. Let b(o) = 64*o + 4440. Calculate the remainder when b(-69) is divided by h.
8
Let f be (-1)/(-4) - (-945)/28. Let q = f + -17. Let d = -42 - -75. What is the remainder when d is divided by q?
16
Let i = 12 - 9. Suppose h = 3*j + 49, 2*j - 92 = -i*h + 110. Calculate the remainder when 573 is divided by h.
61
Let w = -5010 - -5786. What is the remainder when w is divided by 208?
152
Suppose -1 + 0 = -l. Suppose -314 = -17*g - 229. Calculate the remainder when 57 is divided by 12 - -4*l/(-4 + g).
9
Suppose -44*c + 865 = 122 - 49. What is the remainder when 3992 is divided by c?
14
Suppose -5*x = -x - 8. Suppose -5*o + 822 = 3*b, -326 = -x*o - 0*o - 4*b. What is the remainder when o is divided by 12?
9
Let y = 40 + 12. Let d = y - 44. Suppose -d*c + 100 = -108. What is the remainder when 49 is divided by c?
23
Let p = 7113 - -1119. What is the remainder when p is divided by 71?
67
Let j = -69 - -321. Suppose -6*q = -10*q + 3*f + 201, -5*q + 4*f + j = 0. Calculate the remainder when 479 is divided by q.
47
Let o(q) = -q**3 - 3*q**2 - 2*q - 69. What is the remainder when 11371 is divided by o(-6)?
49
Let b = 116 + -111. Suppose -10 = -5*c + b. Suppose -c*j + p + 91 = 0, 0*p - 5*p + 25 = 0. Calculate the remainder when 126 is divided by j.
30
Let s(x) = -32*x - 744. Let n = -7 - -10. Suppose t - 954 = -5*y, -2*y - 5*t + 970 = n*y. What is the remainder when y is divided by s(-24)?
22
Let v(l) = 2*l - 64. Let i be v(30). What is the remainder when 8 + (i - 1) + 500 is divided by 36?
35
Suppose 0 = 12*g + 6*g + 1188. Calculate the remainder when 117 is divided by g/(-9)*9 - (-19 + 23).
55
Suppose 55*x + 850 = 5690. Calculate the remainder when 143 is divided by x.
55
Let k(y) = 2*y + 7 + 75*y**2 - 70*y**2 - y - y**3. Let o = -21 - -36. What is the remainder when o is divided by k(5)?
3
Suppose -4*k - 7*d + 516 = -2*d, -d = 2*k - 258. Suppose -23*a - 81*a + 936 = 0. What is the remainder when (3 - 4) + k/3 is divided by a?
6
Suppose -2*l = 8, l = 4*y - l - 20. Suppose 4*h - 77 = -y*h. Let o = 1 - -2. What is the remainder when h is divided by o?
2
Calculate the remainder when 215 is divided by -17 + 12 - 242/(-22).
5
Let y be (-120)/(-14)*(-63)/(-18). Calculate the remainder when 123 is divided by y*8/12 + 10/2.
23
Let h = 174 - 174. Suppose 3*k - 114 = -h*k. Calculate the remainder when k is divided by 12.
2
Calculate the remainder when 318 is divided by (34 - (29 - 17))*7/2.
10
Let l(b) = -4*b + 52. Let t be (141/(-18) - (-2)/(-12))*-1. Calculate the remainder when 57 is divided by l(t).
17
Let f = 7190 + -7006. Calculate the remainder when f is divided by 98.
86
Let i(w) = -3*w + 12. Let v be i(0). Let n = v - -7. Let y = 110 - 55. Calculate the remainder when y is divided by n.
17
Let b(j) = j**2 - 25*j + 125. Let s be b(18). Let d(l) = l**2 - 3. What is the remainder when 4 + 170/(s - -3) is divided by d(-4)?
11
Let z(w) = -60 - 16*w**2 + w**3 + 23*w + 11 + 26 - 6*w**2. Calculate the remainder when z(21) is divided by 8.
3
Let x be (-40)/(-60)*(5 - 2). What is the remainder when 37 is divided by (1 - (2 + 3))/(x/(-18))?
1
Suppose p = 68*y - 70*y + 1537, 0 = p - 4*y - 1543. Calculate the remainder when p is divided by 172.
163
Let d = 14 - -55. Let v be 1/((-15)/(-54)) + 8/20. Suppose -n + 37 = 5*o - 33, 4*o - 56 = -v*n. Calculate the remainder when d is divided by o.
13
Let a = -2091 - -6710. Calculate the remainder when a is divided by 24.
11
Suppose -4*n = 12*f - 8*f - 2036, 0 = -3*n - 18. What is the remainder when f is divided by 272?
243
Let d = -57 + 38. Let l = -15 - d. Suppose -2517 - 2012 - 301 = -138*s. What is the remainder when s is divided by l?
3
Suppose -3*a = -s + 3, 2*s - 3*a - 4 + 1 = 0. Suppose -197 = 3*n - 5*m, -m + s + 4 = 0. Let y = n - -77. Calculate the remainder when y is divided by 3.
0
Suppose 128 = 25*w - 27*w. Let z = w - -92. Suppose 67 = a - 16. Calculate the remainder when a is divided by z.
27
Let m = -205 - -221. What is the remainder when 173 is divided by m?
13
Let o(t) = 12*t**2 + 20*t + 26. What is the remainder when 281 is divided by o(-3)?
59
Suppose 0 = 773*f - 778*f + 495. What is the remainder when f is divided by 32?
3
Suppose -2*p + 6*p - 172 = 0. Suppose 0 = 2*r - f - 1321 + 379, 3*f + 2354 = 5*r. Calculate the remainder when r is divided by p.
42
Let h(m) = 12*m - 4. Let d(s) = -s - 2. Let f(k) = 3*d(k) + h(k). What is the remainder when 87 is divided by f(6)?
43
Let m(w) = -5*w**3 + 101*w**2 - 29*w + 196. Let u = 30 + 13. Calculate the remainder when u is divided by m(20).
11
Suppose 0 = 5*j - 14*o + 12*o - 144, -2*j - 5*o + 75 = 0. What is the remainder when j is divided by ((-14)/21)/(-2*1/24)?
6
Let h(b) = b**2 + 64*b + 802. What is the remainder when h(-54) is divided by 64?
6
Suppose 4*y = 5*l + 118, 5*l + 5*y + 0*y = -100. Let q = l - -22. Suppose -5*i + 27 + 53 = q. Calculate the remainder when 78 is divided by i.
14
What is the remainder when 1660 is divided by 3*84/567*423?
156
Let n(r) = 1091*r + 3416. Calculate the remainder when 461 is divided by n(-3).
32
Let c = -1307 - -1398. Calculate the remainder when 276 is divided by c.
3
Let t(w) = w**3 + 7*w**2 - 22*w + 4. Let a be t(-9). Suppose 5*l + 5*k - 90 = 0, k - 2*k = 2*l - a. Calculate the remainder when l is divided by 6.
4
Let k = 161 - 118. Let h = 850 - 810. What is the remainder when k is divided by h?
3
Let z be (-850)/35 - (12/7 + -2). Let i = z - -75. Suppose 2*c - 50 - i = -3*m, -3*m + 4*c + 77 = 0. What is the remainder when 88 is divided by m?
26
Let j(z) = 15*z**2 + 8*z + 3. Suppose 0 = -138*q + 129*q - 5*m + 671, 5*m = -2*q + 188. What is the remainder when j(-5) is divided by q?
62
Suppose 5228 = 42*p + 1910. Calculate the remainder when 462 is divided by p.
67
Suppose 0 = -0*s + 5*s - 80. Let f be -36 + 44 + (276 - 2). Suppose 0 = 417*k - 411*k - f. Calculate the remainder when k is divided by s.
15
Suppose -1047 = -46*i + 563. Calculate the remainder when 1188 is divided by i.
33
Let s(b) = -b**3 - 6*b**2 + 11*b + 20. What is the remainder when 183 is divided by s(-8)?
3
Let h(q) = 5*q + 53. Let t be h(-8). Suppose -30*m + 430 = t*m. Let d(g) = g**2 - g + 59. What is the remainder when d(0) is divided by m?
9
What is the remainder when -5778*(6 - (-114)/(-18)) is divided by 8?
6
Suppose -3*l + 426 = 3*x, 289 = 2*l - 5*x - 9. Suppose -128*t - 3216 = -l*t. What is the remainder when t is divided by (2/4)/(1/58)?
27
Let a(j) = j**3 - 14*j**2 - 13*j + 19. Suppose -782*b + 39535 + 93151 = -16676. Calculate the remainder when b is divided by a(15).
44
Suppose -3*c + x + 45 = 5*x, -3*x = c - 20. Suppose 1508*g - 1430*g - 19500 = 0. What is the remainder when g is divided by c?
8
Suppose 8*j = -2843 + 3275. Calculate the remainder when 2645 is divided by j.
53
Suppose -4*b + 108*b = b + 21218. Calculate the remainder when 436 is divided by b.
24
Let d(i) = -5*i**2 + 5*i + 3. Let q be d(4). Suppose 3*x - h = 185, 24*h = -4*x + 20*h + 220. Let z = x + q. Calculate the remainder when z is divided by 3.
0
Suppose 2*a - 195 = -3*a. Suppose -o + a = 13. Suppose 0 = -32*u + 21*u + 88. Calculate the remainder when o is divided by u.
2
Let a(w) = w + 26. Let k = 6 - 3. Suppose 6*y - k*y - 42 = 0. Calculate the remainder when a(0) is divided by y.
12
Let t(d) = -16 + 28*d - 20*d + 6 - 147. What is the remainder when 129 is divided by t(21)?
8
Let w(t) = 9*t 